.
-12130303020
What is 1346a (base 13) in base 16?
8c4c
-103816 (base 9) to base 11
-42562
What is 4db56 (base 14) in base 2?
101110110001010000
Convert -11b856 (base 13) to base 5.
-102103234
-5181625 (base 9) to base 10
-2769980
-2a0b7 (base 15) to base 3
-20212102101
-2164457 (base 8) to base 4
-2032210233
What is 33051155 (base 6) in base 10?
986543
Convert 5bcc94 (base 14) to base 4.
30000111202
What is -11398498 (base 10) in base 3?
-210110002210121
Convert -2442114 (base 10) to base 9.
-4531850
What is 76b50 (base 13) in base 9?
356865
What is -591520a (base 11) in base 6?
-1005214324
Convert -368aa0 (base 12) to base 14.
-190dcc
Convert -385561 (base 13) to base 15.
-1bb401
Convert 2301064 (base 8) to base 4.
2120020310
What is 101461 (base 8) in base 10?
33585
32a750 (base 13) to base 11
746264
What is 5439482 (base 10) in base 5?
2343030412
What is 54f08 (base 16) in base 12?
149408
-760378 (base 11) to base 4
-10220302203
What is 10010011100001001 (base 2) in base 7?
433126
What is 5332733 (base 9) in base 10?
2856090
Convert 3132012321 (base 5) to base 8.
30667552
96540 (base 16) to base 14
12057a
What is 1310200312 (base 4) in base 9?
806574
-65021 (base 14) to base 3
-110102001010
-320221322 (base 4) to base 5
-24411213
Convert -53541031 (base 7) to base 9.
-8526481
Convert -42944 (base 15) to base 9.
-351811
What is -31143231 (base 5) in base 12?
-10422a
What is 21207 (base 10) in base 12?
10333
What is 2341251 (base 6) in base 13?
43798
What is -1b6a46 (base 16) in base 14?
-34aaa2
Convert 412352 (base 7) to base 12.
3496b
-1823608 (base 10) to base 3
-10102122112001
1011101110111 (base 2) to base 4
1131313
Convert 11001011001001001 (base 2) to base 12.
50235
Convert 157643a (base 11) to base 14.
4dd74c
-1532543 (base 8) to base 14
-b6319
1d432 (base 14) to base 7
431262
What is 6a826 (base 14) in base 2?
111111010111010010
Convert 5126a (base 11) to base 6.
1334314
21035253 (base 6) to base 9
1131856
-385458 (base 15) to base 12
-aa309b
What is 302221202022 (base 4) in base 5?
11344333242
What is -2007483 (base 11) in base 3?
-20200111211010
Convert -213969 (base 16) to base 11.
-12579a1
-c6f80 (base 16) to base 14
-173008
What is -6957 (base 15) in base 5?
-1203412
4879 (base 12) to base 11
6146
What is 5312312 (base 8) in base 16?
1594ca
What is 10002221002 (base 3) in base 12?
2b4a8
Convert 223321313 (base 4) to base 10.
179831
1020021122021 (base 3) to base 14
130a56
Convert 11ace4 (base 15) to base 12.
349b74
What is -539b1 (base 14) in base 8?
-612767
What is -24140015 (base 6) in base 2?
-10111001011010101011
Convert -22011010211101 (base 3) to base 7.
-51554542
What is 426206 (base 7) in base 12?
36b28
What is -2775906 (base 11) in base 12?
-1726750
Convert -158298 (base 11) to base 15.
-4ca03
Convert -1441444 (base 6) to base 2.
-10100010110000100
What is 626a4 (base 16) in base 12?
175344
What is 5225025 (base 7) in base 5?
130102040
What is -29ab013 (base 13) in base 3?
-221000222002120
What is 4412025 (base 6) in base 8?
654521
100000001010110 (base 2) to base 9
24530
92b1 (base 12) to base 3
210220121
What is 1202001002 (base 3) in base 15?
a262
What is 478336 (base 9) in base 15?
5a606
What is -1001110001111010001 (base 2) in base 13?
-b2b32
-110221202002 (base 3) to base 16
-3e3f3
-833378 (base 9) to base 5
-111311301
Convert -162a65 (base 11) to base 5.
-31042330
-304211 (base 7) to base 11
-35aa1
What is 333026 (base 8) in base 15?
2336a
What is a1834f (base 16) in base 12?
366563b
What is -120202346 (base 7) in base 5?
-3401240433
Convert 770873 (base 9) to base 7.
3624030
What is 3708a (base 15) in base 7?
1331020
What is 8b097 (base 14) in base 2?
1010010011011101101
Convert 1173072 (base 11) to base 16.
1f1d83
212103301 (base 4) to base 11
a7989
What is -4633b (base 12) in base 14?
-26275
What is -19344 (base 16) in base 6?
-2113540
What is -9a561c (base 13) in base 3?
-20211220010211
-240430014 (base 5) to base 4
-10032202212
-317417 (base 10) to base 9
-533365
Convert -160438 (base 9) to base 7.
-560654
What is 1022010220 (base 3) in base 8?
62024
What is 34100331 (base 5) in base 7?
2356621
-1144324414 (base 5) to base 16
-29a800
What is 11303212001 (base 4) in base 6?
52342305
What is 322436 (base 8) in base 13?
3a0ba
What is 2110301221 (base 4) in base 16?
94c69
Convert -352693 (base 11) to base 3.
-1001102222010
What is 109dd1 (base 16) in base 14?
204c01
What is 12632344 (base 9) in base 15?
82d664
a3142 (base 14) to base 12
16b286
255859 (base 10) to base 7
2113642
What is -301254 (base 6) in base 7?
-125644
Convert 1563313 (base 7) to base 5.
23423101
Convert -101252125 (base 6) to base 4.
-12222330311
What is -332143532 (base 6) in base 7?
-101610146
What is -1474d (base 15) in base 10?
-65773
Convert -238cc (base 16) to base 12.
-70324
-10011000001001010110001 (base 2) to base 9
-10337757
Convert -2331213 (base 5) to base 12.
-2084b
What is 231022 (base 10) in base 2?
111000011001101110
Convert 15520404 (base 7) to base 11.
935657
What is -e395bd (base 15) in base 9?
-22313107
Convert -13444350 (base 6) to base 9.
-766133
What is -37490 (base 10) in base 16?
-9272
What is -186222 (base 10) in base 12?
-8b926
-9ef4 (base 16) to base 6
-512220
What is -1013210313 (base 5) in base 6?
-112405055
What is -121010022010 (base 3) in base 13?
-b1594
2003312 (base 5) to base 10
31707
8f02c (base 16) to base 13
176815
What is 7321715 (base 8) in base 10?
1942477
-267464 (base 10) to base 6
-5422132
What is 8b02 (base 15) in base 9?
44382
1554a5 (base 12) to base 15
72338
What is -33011313 (base 5) in base 4?
-1010313203
What is 1205e (base 15) in base 13?
20204
Convert -401623 (base 7) to base 3.
-10110010011
Convert -11230313320 (base 4) to base 16.
-16cdf8
Convert -1000311010 (base 4) to base 10.
-265540
What is 141344 (base 7) in base 12?
13705
What is 113b45 (base 15) in base 5?
202311130
Convert 14b3b53 (base 12) to base 15.
5843c9
-77665 (base 10) to base 13
-29473
What is -153212 (base 8) in base 13?
-1bcca
Convert 11011222210 (base 3) to base 12.
3b803
What is -77a973 (base 11) in base 14?
-245683
11154 (base 10) to base 7
44343
What is 1112311221 (base 4) in base 9?
601820
Convert -147973 (base 13) to base 11.
-313617
Convert 12c741 (base 14) to base 13.
199541
Convert -1002224104 (base 5) to base 6.
-110412032
Convert 512322 (base 8) to base 12.
81a96
What is 103012333 (base 4) in base 6?
1402211
Convert 640564 (base 7) to base 12.
54101
What is -1db1a1 (base 15) in base 6?
-51104041
813cc8 (base 13) to base 4
23132103020
-1821182 (base 9) to base 15
-1518ae
-687d9c (base 15) to base 8
-23016053
What is 2310310 (base 6) in base 12?
58396
Convert 433a4e (base 16) to base 8.
20635116
What is -153468 (base 11) in base 13?
-8490a
Convert -2102226 (base 8) to base 13.
-16711a
Convert -5193777 (base 10) to base 8.
-23640061
Convert -577842 (base 9) to base 10.
-346961
-3a68b6 (base 13) to base 9
-2584782
What is 871178 (base 10) in base 2?
11010100101100001010
-2120302110 (base 4) to base 12
-2621b0
What is -313244 (base 5) in base 9?
-15300
Convert -1485668 (base 12) to base 14.
-7a2c12
-4003202 (base 5) to base 4
-33113033
Convert -64775 (base 9) to base 3.
-2011212112
101100110010101010 (base 2) to base 5
21332331
-1012020011022 (base 3) to base 15
-c7e4b
Convert -2c401 (base 13) to base 5.
-10143123
Convert -6052110 (base 7) to base 8.
-2573461
-167412 (base 8) to base 16
-ef0a
What is 1352445052 (base 6) in base 7?
261332225
102201323100 (base 4) to base 10
4857552
What is 129798 (base 11) in base 8?
615002
-b5c6c (base 15) to base 11
-364199
Convert 102212222220021 (base 3) to base 11.
3625a30
What is 430003 (base 7) in base 4?
102023002
Convert -2129a2 (base 11) to base 2.
-1010011001001111110
Convert 47a23 (base 12) to base 6.
2022443
-5454255 (base 6) to base 9
-453788
Convert -40401413 (base 5) to base 14.
-8674d
4223201410 (base 5) to base 10
8803355
Convert 13973bb (base 14) to base 7.
143552124
111110010001001100010 (base 2) to base 6
111422214
What is 32cbc6 (base 14) in base 3?
10020200000201
Convert 4056015 (base 8) to base 16.
105c0d
9bb76 (base 13) to base 4
1011020210
-49484 (base 12) to base 15
-1e5b7
What is -10222120102020 (base 3) in base 11?
-1216856
What is -10101011101000